{"id":79,"date":"2022-12-12T22:56:23","date_gmt":"2022-12-12T21:56:23","guid":{"rendered":"http:\/\/barakozart.fr\/?page_id=79"},"modified":"2023-02-27T00:33:44","modified_gmt":"2023-02-26T23:33:44","slug":"archives","status":"publish","type":"page","link":"https:\/\/barakozart.fr\/index.php\/archives\/","title":{"rendered":"Archives"},"content":{"rendered":"\n<div style=\"height:20px\" aria-hidden=\"true\" class=\"wp-block-spacer\"><\/div>\n\n\n\n<div class=\"wp-block-columns is-layout-flex wp-container-core-columns-is-layout-9d6595d7 wp-block-columns-is-layout-flex\">\n<div class=\"wp-block-column is-layout-flow wp-block-column-is-layout-flow\" style=\"flex-basis:30%\"><\/div>\n\n\n\n<div class=\"wp-block-column is-layout-flow wp-block-column-is-layout-flow\" style=\"flex-basis:40%\">\n<hr class=\"wp-block-separator has-text-color has-nv-c-2-color has-alpha-channel-opacity has-nv-c-2-background-color has-background\"\/>\n\n\n\n<p class=\"has-text-align-center has-neve-link-hover-color-color has-text-color\" style=\"font-size:14px\"><em>&#8220;La culture est un truc<\/em><br><em>qui rassemble les gens,<\/em><br><em>qui abat les diff\u00e9rences.&#8221;<\/em> <br>[<strong>Public Enemy<\/strong>]<\/p>\n\n\n\n<hr class=\"wp-block-separator has-text-color has-nv-c-2-color has-alpha-channel-opacity has-nv-c-2-background-color has-background\"\/>\n<\/div>\n\n\n\n<div class=\"wp-block-column is-layout-flow wp-block-column-is-layout-flow\" style=\"flex-basis:30%\"><\/div>\n<\/div>\n\n\n\n<div style=\"height:20px\" aria-hidden=\"true\" class=\"wp-block-spacer\"><\/div>\n\n\n\n<p><strong>Retrouvez ici, ann\u00e9e apr\u00e8s ann\u00e9e depuis 2006, une r\u00e9trospective des \u00e9v\u00e9nements propos\u00e9s par l&#8217;association, ainsi que des galeries de photos s\u00e9lectionn\u00e9es chaque ann\u00e9e&#8230; Pour le souvenir et pour la post\u00e9rit\u00e9 \u00e9lectronique<\/strong> !<\/p>\n\n\n\n<p>Un grand MERCI \u00e0 tous les acteurs, b\u00e9n\u00e9voles, artistes, public qui ont contribu\u00e9 \u00e0 ces beaux moments de lien social et de partage \u00e0 St-Quirin !<br>Quand on retrace tous ces sourires, tous ces bons moments, on a juste envie d&#8217;une chose&#8230; que l&#8217;aventure continue tant qu&#8217;on le pourra !<br><strong>Longue vie \u00e0 Parenth\u00e8se, et longue vie \u00e0 la Barakozart !<\/strong><\/p>\n\n\n\n<div style=\"height:10px\" aria-hidden=\"true\" class=\"wp-block-spacer\"><\/div>\n\n\n<div class=\"wp-block-image\">\n<figure class=\"aligncenter size-large is-resized\"><img loading=\"lazy\" decoding=\"async\" src=\"http:\/\/barakozart.fr\/wp-content\/uploads\/2023\/01\/69460741_2644661065567797_4119186611130859520_n-1024x364.jpg\" alt=\"\" class=\"wp-image-679\" width=\"844\" height=\"300\" srcset=\"https:\/\/barakozart.fr\/wp-content\/uploads\/2023\/01\/69460741_2644661065567797_4119186611130859520_n-1024x364.jpg 1024w, https:\/\/barakozart.fr\/wp-content\/uploads\/2023\/01\/69460741_2644661065567797_4119186611130859520_n-300x107.jpg 300w, https:\/\/barakozart.fr\/wp-content\/uploads\/2023\/01\/69460741_2644661065567797_4119186611130859520_n-768x273.jpg 768w, https:\/\/barakozart.fr\/wp-content\/uploads\/2023\/01\/69460741_2644661065567797_4119186611130859520_n.jpg 1274w\" sizes=\"auto, (max-width: 844px) 100vw, 844px\" \/><\/figure>\n<\/div>\n\n\n<div style=\"height:40px\" aria-hidden=\"true\" class=\"wp-block-spacer\"><\/div>\n\n\n\n<h5 class=\"has-neve-link-color-color has-text-color wp-block-heading\">=====> Ann\u00e9e 2009 &lt;=====<\/h5>\n\n\n\n<div class=\"wp-block-columns is-layout-flex wp-container-core-columns-is-layout-9d6595d7 wp-block-columns-is-layout-flex\">\n<div class=\"wp-block-column is-layout-flow wp-block-column-is-layout-flow\" style=\"flex-basis:50%\">\n<ul class=\"wp-block-list\">\n<li><strong>Dimanche 22 F\u00e9vrier 2009<\/strong>&nbsp;: Apr\u00e8s-midi carnavalesque (cavalcade autour du Heylock puis bal des enfants \u00e0 la SDF)<\/li>\n\n\n\n<li><strong>Samedi 18 Avril 2009<\/strong>&nbsp;: Soir\u00e9e Th\u00e9\u00e2tre \u00e0 la Salle des F\u00eates : Les Tr\u00e9teaux \u2013 La bonne planque<\/li>\n\n\n\n<li><strong>Vendredi 29 Mai 2009<\/strong>&nbsp;: Concert d\u2019ouverture du festival RandoMoselle:<br>Les Noix de Coco Volantes, Illegal et Les Flying Donuts \u00e0 l\u2019affiche<\/li>\n\n\n\n<li><strong>Jeudi 21 Mai 2009<\/strong>&nbsp;: Buvette des artistes \u00e0 la grande braderie de l\u2019Ascension au village (animations de rue)<\/li>\n\n\n\n<li><strong>Dimanche 29 Aout 2009&nbsp;<\/strong>: Soir\u00e9e M\u00e9choui \u00e0 l\u2019\u00e9tang du village<\/li>\n\n\n\n<li><strong>Samedi 31 octobre 2009<\/strong>&nbsp;: Concert d\u2019automne \u00e0 la SDF avec 3 groupes : Greve G\u00e9n\u00e9rale, Mother Soul et Bal Pygm\u00e9e<\/li>\n<\/ul>\n\n\n\n<p class=\"has-text-align-center has-nv-dark-bg-color has-text-color\" style=\"font-size:16px\"><em><a href=\"http:\/\/barakozart.fr\/index.php\/archives-2009\" data-type=\"URL\" data-id=\"http:\/\/barakozart.fr\/index.php\/archives-2009\">Galerie PHOTOS<\/a><\/em><\/p>\n<\/div>\n\n\n\n<div class=\"wp-block-column is-vertically-aligned-top is-layout-flow wp-block-column-is-layout-flow\" style=\"flex-basis:50%\"><div class=\"wp-block-image\">\n<figure class=\"aligncenter size-full is-resized\"><img loading=\"lazy\" decoding=\"async\" src=\"http:\/\/barakozart.fr\/wp-content\/uploads\/2023\/02\/Carnaval_Img_6157.jpg\" alt=\"\" class=\"wp-image-873\" width=\"375\" height=\"249\" srcset=\"https:\/\/barakozart.fr\/wp-content\/uploads\/2023\/02\/Carnaval_Img_6157.jpg 1000w, https:\/\/barakozart.fr\/wp-content\/uploads\/2023\/02\/Carnaval_Img_6157-300x200.jpg 300w, https:\/\/barakozart.fr\/wp-content\/uploads\/2023\/02\/Carnaval_Img_6157-768x511.jpg 768w, https:\/\/barakozart.fr\/wp-content\/uploads\/2023\/02\/Carnaval_Img_6157-930x620.jpg 930w\" sizes=\"auto, (max-width: 375px) 100vw, 375px\" \/><\/figure>\n<\/div><\/div>\n<\/div>\n\n\n\n<div style=\"height:20px\" aria-hidden=\"true\" class=\"wp-block-spacer\"><\/div>\n\n\n\n<h5 class=\"has-neve-link-color-color has-text-color wp-block-heading\">=====&gt; Ann\u00e9e 2008 &lt;=====<\/h5>\n\n\n\n<div class=\"wp-block-columns is-layout-flex wp-container-core-columns-is-layout-9d6595d7 wp-block-columns-is-layout-flex\">\n<div class=\"wp-block-column is-layout-flow wp-block-column-is-layout-flow\" style=\"flex-basis:50%\">\n<ul class=\"wp-block-list\">\n<li><strong>Dimanche 2 mars 2008<\/strong>&nbsp;: Apr\u00e8s-midi carnavalesque<\/li>\n\n\n\n<li><strong>Vendredi 9 mai 2008<\/strong>&nbsp;: Soir\u00e9e concerts en ouverture du festival RandoMoselle avec \u00e0 l&#8217;affiche : J&#8217;te l&#8217;accorde (chanson fran\u00e7aise festive), Fab (rock acoustique) et Spirit Revolution (reggae)<\/li>\n\n\n\n<li><strong>28 et 29 juin 2008<\/strong>&nbsp;: Week-end sortie des b\u00e9n\u00e9voles au festival Rencontres et Racines \u00e0 Audincourt (25)<\/li>\n\n\n\n<li><strong>Dimanche 24 Aout 2008&nbsp;<\/strong>: Marche Gourmande, 3\u00e8me \u00e9dition<\/li>\n\n\n\n<li><strong>Samedi 11 octobre 2008<\/strong>&nbsp;: Concert d\u2019automne \u00e0 la SDF avec 3 groupes : Charles D\u00e9pr\u00e8s (blues), Valium Valse (chanson fran\u00e7aise festive) et DLC (rock)<\/li>\n<\/ul>\n\n\n\n<p class=\"has-text-align-center has-nv-dark-bg-color has-text-color\" style=\"font-size:16px\"><em><a href=\"http:\/\/barakozart.fr\/index.php\/archives-2008\/\" data-type=\"page\" data-id=\"775\">Galerie PHOTOS<\/a><\/em><\/p>\n<\/div>\n\n\n\n<div class=\"wp-block-column is-vertically-aligned-top is-layout-flow wp-block-column-is-layout-flow\" style=\"flex-basis:50%\"><div class=\"wp-block-image\">\n<figure class=\"aligncenter size-full is-resized\"><img loading=\"lazy\" decoding=\"async\" src=\"http:\/\/barakozart.fr\/wp-content\/uploads\/2022\/12\/Carnaval_IMG_1042.jpg\" alt=\"\" class=\"wp-image-634\" width=\"348\" height=\"261\" srcset=\"https:\/\/barakozart.fr\/wp-content\/uploads\/2022\/12\/Carnaval_IMG_1042.jpg 1000w, https:\/\/barakozart.fr\/wp-content\/uploads\/2022\/12\/Carnaval_IMG_1042-300x225.jpg 300w, https:\/\/barakozart.fr\/wp-content\/uploads\/2022\/12\/Carnaval_IMG_1042-768x576.jpg 768w\" sizes=\"auto, (max-width: 348px) 100vw, 348px\" \/><\/figure>\n<\/div><\/div>\n<\/div>\n\n\n\n<div style=\"height:20px\" aria-hidden=\"true\" class=\"wp-block-spacer\"><\/div>\n\n\n\n<h5 class=\"has-neve-link-color-color has-text-color wp-block-heading\">=====&gt; Ann\u00e9e 2007 &lt;=====<\/h5>\n\n\n\n<div class=\"wp-block-columns is-layout-flex wp-container-core-columns-is-layout-9d6595d7 wp-block-columns-is-layout-flex\">\n<div class=\"wp-block-column is-layout-flow wp-block-column-is-layout-flow\" style=\"flex-basis:50%\">\n<ul class=\"wp-block-list\">\n<li><strong>Samedi 25 f\u00e9vrier 2007<\/strong>&nbsp;: Apr\u00e8s-midi carnavalesque (cavalcade autour du Heylock puis bal des enfants \u00e0 la SDF)<\/li>\n\n\n\n<li><strong>Samedi 28 avril 2007<\/strong>&nbsp;: F\u00eate du printemps : ateliers jeunes en journ\u00e9e puis soir\u00e9e concerts  avec Nicog\u00e9, Oestrogena Orchestra et les Polakobar \u00e0 l\u2019affiche<\/li>\n\n\n\n<li><strong>Jeudi 17 Mai 2007<\/strong>&nbsp;: Buvette des artistes \u00e0 la grande braderie de l\u2019Ascension au village (animations de rue)<\/li>\n\n\n\n<li><strong>Dimanche 26 Aout 2007&nbsp;<\/strong>: Marche Gourmande, 2\u00e8me \u00e9dition<\/li>\n\n\n\n<li><strong>Samedi 20 octobre 2007<\/strong>&nbsp;: Concert d\u2019automne \u00e0 la SDF avec 2 groupes : Mother Soul (groove), et Disfunction (funk)<\/li>\n<\/ul>\n\n\n\n<p class=\"has-text-align-center has-nv-dark-bg-color has-text-color\" style=\"font-size:16px\"><a href=\"http:\/\/barakozart.fr\/index.php\/archives-2007\/\" data-type=\"page\" data-id=\"667\"><em>Galerie PHOTOS<\/em><\/a><\/p>\n<\/div>\n\n\n\n<div class=\"wp-block-column is-vertically-aligned-top is-layout-flow wp-block-column-is-layout-flow\" style=\"flex-basis:50%\"><div class=\"wp-block-image\">\n<figure class=\"aligncenter size-full is-resized\"><a href=\"http:\/\/barakozart.fr\/index.php\/archives-2007\/\"><img loading=\"lazy\" decoding=\"async\" src=\"http:\/\/barakozart.fr\/wp-content\/uploads\/2022\/12\/MG_MG2008_organisateurs.jpg\" alt=\"\" class=\"wp-image-659\" width=\"416\" height=\"312\" srcset=\"https:\/\/barakozart.fr\/wp-content\/uploads\/2022\/12\/MG_MG2008_organisateurs.jpg 1000w, https:\/\/barakozart.fr\/wp-content\/uploads\/2022\/12\/MG_MG2008_organisateurs-300x225.jpg 300w, https:\/\/barakozart.fr\/wp-content\/uploads\/2022\/12\/MG_MG2008_organisateurs-768x576.jpg 768w\" sizes=\"auto, (max-width: 416px) 100vw, 416px\" \/><\/a><\/figure>\n<\/div><\/div>\n<\/div>\n\n\n\n<div style=\"height:20px\" aria-hidden=\"true\" class=\"wp-block-spacer\"><\/div>\n\n\n\n<h5 class=\"has-neve-link-color-color has-text-color wp-block-heading\">=====&gt; 2006, renaissance de l&#8217;association &lt;=====<\/h5>\n\n\n\n<div class=\"wp-block-columns is-layout-flex wp-container-core-columns-is-layout-9d6595d7 wp-block-columns-is-layout-flex\">\n<div class=\"wp-block-column is-layout-flow wp-block-column-is-layout-flow\" style=\"flex-basis:50%\">\n<ul class=\"wp-block-list\">\n<li><strong>Samedi 5 Mars 2006<\/strong> : Apr\u00e8s-midi carnavalesque (cavalcade autour du Heylock puis bal des enfants \u00e0 la SDF)<\/li>\n\n\n\n<li><strong>Samedi 6 Mai 2006<\/strong> : F\u00eate du printemps (ateliers jeunes en journ\u00e9e puis soir\u00e9e concerts : Spire et La Rue d\u2019Ad\u00e8le)<\/li>\n\n\n\n<li><strong>Jeudi 25 Mai 2006<\/strong> : Buvette des artistes \u00e0 la grande braderie de l\u2019Ascension au village (animations de rue)<\/li>\n\n\n\n<li><strong>Dimanche 20 Aout 2006<\/strong> : Marche Gourmande, 1\u00e8re \u00e9dition<\/li>\n\n\n\n<li><strong>Samedi 21 octobre 2006<\/strong> : Concert d\u2019automne \u00e0 la SDF avec 3 groupes (Tonio &amp; Small, Ravid\u2019vour\u2019Voir et Divid\u2019Up)<\/li>\n<\/ul>\n\n\n\n<p class=\"has-text-align-center has-nv-dark-bg-color has-text-color\" style=\"font-size:16px\"><a href=\"http:\/\/barakozart.fr\/index.php\/archives-2006\/\" data-type=\"page\" data-id=\"610\"><em>Galerie PHOTOS<\/em><\/a><\/p>\n<\/div>\n\n\n\n<div class=\"wp-block-column is-vertically-aligned-top is-layout-flow wp-block-column-is-layout-flow\" style=\"flex-basis:50%\"><div class=\"wp-block-image\">\n<figure class=\"aligncenter size-full is-resized\"><a href=\"http:\/\/barakozart.fr\/index.php\/archives-2006\/\"><img loading=\"lazy\" decoding=\"async\" src=\"http:\/\/barakozart.fr\/wp-content\/uploads\/2022\/12\/2006_Carnaval_Clown_Homme.jpg\" alt=\"\" class=\"wp-image-566\" width=\"232\" height=\"347\" srcset=\"https:\/\/barakozart.fr\/wp-content\/uploads\/2022\/12\/2006_Carnaval_Clown_Homme.jpg 534w, https:\/\/barakozart.fr\/wp-content\/uploads\/2022\/12\/2006_Carnaval_Clown_Homme-200x300.jpg 200w\" sizes=\"auto, (max-width: 232px) 100vw, 232px\" \/><\/a><\/figure>\n<\/div><\/div>\n<\/div>\n\n\n\n<div style=\"height:20px\" aria-hidden=\"true\" class=\"wp-block-spacer\"><\/div>\n\n\n\n<div class=\"wp-block-columns is-layout-flex wp-container-core-columns-is-layout-9d6595d7 wp-block-columns-is-layout-flex\">\n<div class=\"wp-block-column is-layout-flow wp-block-column-is-layout-flow\" style=\"flex-basis:30%\"><\/div>\n\n\n\n<div class=\"wp-block-column is-layout-flow wp-block-column-is-layout-flow\" style=\"flex-basis:40%\">\n<hr class=\"wp-block-separator has-text-color has-nv-c-2-color has-alpha-channel-opacity has-nv-c-2-background-color has-background\"\/>\n\n\n\n<p class=\"has-text-align-center has-neve-link-hover-color-color has-text-color\" style=\"font-size:14px\">&#8220;<em>C&#8217;est \u00e7a, la culture : c&#8217;est tout ce que l&#8217;homme a invent\u00e9<\/em> <em>pour rendre le monde vivable et la mort affrontable.<\/em>&#8221; [<strong>Aim\u00e9 C\u00e9saire<\/strong>]<\/p>\n\n\n\n<hr class=\"wp-block-separator has-text-color has-nv-c-2-color has-alpha-channel-opacity has-nv-c-2-background-color has-background\"\/>\n<\/div>\n\n\n\n<div class=\"wp-block-column is-layout-flow wp-block-column-is-layout-flow\" style=\"flex-basis:30%\"><\/div>\n<\/div>\n","protected":false},"excerpt":{"rendered":"<p>&#8220;La culture est un trucqui rassemble les gens,qui abat les diff\u00e9rences.&#8221; [Public Enemy] Retrouvez ici, ann\u00e9e apr\u00e8s ann\u00e9e depuis 2006, une r\u00e9trospective des \u00e9v\u00e9nements propos\u00e9s par l&#8217;association, ainsi que des galeries de photos s\u00e9lectionn\u00e9es chaque ann\u00e9e&#8230; Pour le souvenir et pour la post\u00e9rit\u00e9 \u00e9lectronique ! Un grand MERCI \u00e0 tous les acteurs, b\u00e9n\u00e9voles, artistes, public&hellip;&nbsp;<a href=\"https:\/\/barakozart.fr\/index.php\/archives\/\" class=\"\" rel=\"bookmark\">Read More &raquo;<span class=\"screen-reader-text\">Archives<\/span><\/a><\/p>\n","protected":false},"author":1,"featured_media":82,"parent":0,"menu_order":0,"comment_status":"closed","ping_status":"closed","template":"","meta":{"neve_meta_sidebar":"","neve_meta_container":"","neve_meta_enable_content_width":"","neve_meta_content_width":0,"neve_meta_title_alignment":"","neve_meta_author_avatar":"","neve_post_elements_order":"","neve_meta_disable_header":"","neve_meta_disable_footer":"","neve_meta_disable_title":"","_ti_tpc_template_sync":false,"_ti_tpc_template_id":"","footnotes":""},"class_list":["post-79","page","type-page","status-publish","has-post-thumbnail","hentry"],"_links":{"self":[{"href":"https:\/\/barakozart.fr\/index.php\/wp-json\/wp\/v2\/pages\/79","targetHints":{"allow":["GET"]}}],"collection":[{"href":"https:\/\/barakozart.fr\/index.php\/wp-json\/wp\/v2\/pages"}],"about":[{"href":"https:\/\/barakozart.fr\/index.php\/wp-json\/wp\/v2\/types\/page"}],"author":[{"embeddable":true,"href":"https:\/\/barakozart.fr\/index.php\/wp-json\/wp\/v2\/users\/1"}],"replies":[{"embeddable":true,"href":"https:\/\/barakozart.fr\/index.php\/wp-json\/wp\/v2\/comments?post=79"}],"version-history":[{"count":44,"href":"https:\/\/barakozart.fr\/index.php\/wp-json\/wp\/v2\/pages\/79\/revisions"}],"predecessor-version":[{"id":887,"href":"https:\/\/barakozart.fr\/index.php\/wp-json\/wp\/v2\/pages\/79\/revisions\/887"}],"wp:featuredmedia":[{"embeddable":true,"href":"https:\/\/barakozart.fr\/index.php\/wp-json\/wp\/v2\/media\/82"}],"wp:attachment":[{"href":"https:\/\/barakozart.fr\/index.php\/wp-json\/wp\/v2\/media?parent=79"}],"curies":[{"name":"wp","href":"https:\/\/api.w.org\/{rel}","templated":true}]}}